actors of 1247322?
2, 3, 449, 463
List the prime factors of 15952993.
7, 283, 8053
List the prime factors of 3080324.
2, 13, 37, 1601
List the prime factors of 2679241.
2679241
What are the prime factors of 2943019?
103, 28573
List the prime factors of 437311.
7, 62473
What are the prime factors of 1914065?
5, 382813
What are the prime factors of 175432?
2, 21929
What are the prime factors of 4517364?
2, 3, 19, 19813
List the prime factors of 4069529.
4069529
List the prime factors of 6680071.
1723, 3877
What are the prime factors of 170512?
2, 10657
List the prime factors of 2557097.
31, 82487
List the prime factors of 685220.
2, 5, 34261
List the prime factors of 1582681.
19, 83299
What are the prime factors of 1673012?
2, 11, 47, 809
List the prime factors of 467481.
3, 7, 113, 197
What are the prime factors of 174867?
3, 7, 11, 757
List the prime factors of 385987.
7, 67, 823
List the prime factors of 1276095.
3, 5, 241, 353
What are the prime factors of 263147?
359, 733
List the prime factors of 2685175.
5, 19, 5653
What are the prime factors of 219668?
2, 54917
List the prime factors of 27549540.
2, 3, 5, 41, 3733
What are the prime factors of 3456856?
2, 13, 43, 773
List the prime factors of 1958623.
59, 89, 373
What are the prime factors of 341033?
7, 11, 43, 103
List the prime factors of 20769824.
2, 311, 2087
List the prime factors of 4417806.
2, 3, 541, 1361
List the prime factors of 295381.
79, 3739
List the prime factors of 904876.
2, 7, 17, 1901
List the prime factors of 4541877.
3, 61, 8273
What are the prime factors of 329865?
3, 5, 21991
What are the prime factors of 166429?
166429
What are the prime factors of 9835673?
17, 19, 37, 823
List the prime factors of 1496709.
3, 166301
What are the prime factors of 1787377?
1787377
List the prime factors of 5564175.
3, 5, 74189
List the prime factors of 703149.
3, 234383
List the prime factors of 368198.
2, 47, 3917
What are the prime factors of 421326?
2, 3, 89, 263
What are the prime factors of 390807?
3, 173, 251
What are the prime factors of 1103355?
3, 5, 11, 743
What are the prime factors of 3361620?
2, 3, 5, 179, 313
List the prime factors of 510086.
2, 255043
What are the prime factors of 23280431?
79, 157, 1877
What are the prime factors of 43548?
2, 3, 19, 191
List the prime factors of 883963.
883963
List the prime factors of 275199.
3, 91733
List the prime factors of 400402.
2, 200201
List the prime factors of 390175.
5, 15607
List the prime factors of 24332161.
7, 3476023
List the prime factors of 2328262.
2, 37, 73, 431
What are the prime factors of 2219039?
2219039
What are the prime factors of 26262762?
2, 3, 293, 14939
What are the prime factors of 819292?
2, 239, 857
List the prime factors of 1150515.
3, 5, 37, 691
List the prime factors of 119444.
2, 13, 2297
What are the prime factors of 29534850?
2, 3, 5, 65633
What are the prime factors of 1748580?
2, 3, 5, 151, 193
What are the prime factors of 405486?
2, 3, 2503
What are the prime factors of 3052090?
2, 5, 305209
List the prime factors of 1743244.
2, 107, 4073
List the prime factors of 3043563.
3, 1014521
What are the prime factors of 3722664?
2, 3, 11, 59, 239
What are the prime factors of 907463?
31, 73, 401
What are the prime factors of 302270?
2, 5, 167, 181
List the prime factors of 2908805.
5, 19, 67, 457
List the prime factors of 32193500.
2, 5, 31, 67
List the prime factors of 46706.
2, 11, 193
List the prime factors of 77512.
2, 9689
What are the prime factors of 3030442?
2, 29, 52249
What are the prime factors of 998773?
19, 52567
List the prime factors of 193379.
193379
List the prime factors of 4978735.
5, 995747
What are the prime factors of 2444823?
3, 10061
List the prime factors of 19281.
3, 6427
What are the prime factors of 1250690?
2, 5, 7, 17, 1051
List the prime factors of 1437197.
17, 4973
What are the prime factors of 2978908?
2, 744727
List the prime factors of 4503936.
2, 3, 37, 317
List the prime factors of 183018.
2, 3, 11, 47, 59
What are the prime factors of 3584965?
5, 601, 1193
What are the prime factors of 262408?
2, 32801
List the prime factors of 1627360.
2, 5, 7, 1453
List the prime factors of 10973091.
3, 113, 32369
What are the prime factors of 215042?
2, 19, 5659
List the prime factors of 599678.
2, 19, 43, 367
List the prime factors of 16147558.
2, 7, 164771
List the prime factors of 427556.
2, 89, 1201
What are the prime factors of 234014?
2, 11, 967
What are the prime factors of 564815?
5, 83, 1361
What are the prime factors of 1074363?
3, 29, 53, 233
What are the prime factors of 11727419?
11, 109, 9781
What are the prime factors of 1041397?
7, 53, 401
List the prime factors of 101894.
2, 13, 3919
What are the prime factors of 3771056?
2, 53, 4447
List the prime factors of 5989247.
11, 544477
List the prime factors of 1227084.
2, 3, 293, 349
What are the prime factors of 311484?
2, 3, 101, 257
What are the prime factors of 3045552?
2, 3, 67, 947
List the prime factors of 3440956.
2, 860239
List the prime factors of 23332342.
2, 11, 19, 55819
What are the prime factors of 134267?
7, 19181
List the prime factors of 486959.
11, 44269
List the prime factors of 67625.
5, 541
What are the prime factors of 1499375?
5, 2399
What are the prime factors of 278637?
3, 131, 709
What are the prime factors of 241695?
3, 5, 41, 131
List the prime factors of 5965850.
2, 5, 11, 10847
List the prime factors of 1078512.
2, 3, 22469
What are the prime factors of 369254?
2, 184627
List the prime factors of 351896.
2, 43987
List the prime factors of 20358997.
107, 190271
What are the prime factors of 1050025?
5, 97, 433
List the prime factors of 23003697.
3, 1231, 6229
What are the prime factors of 92334?
2, 3, 11, 1399
List the prime factors of 16245186.
2, 3, 137, 19763
What are the prime factors of 61274?
2, 30637
List the prime factors of 1567277.
541, 2897
List the prime factors of 1393648.
2, 87103
What are the prime factors of 8089?
8089
What are the prime factors of 2639845?
5, 13, 17, 2389
List the prime factors of 4767183.
3, 529687
List the prime factors of 3396743.
7, 139, 3491
List the prime factors of 34208679.
3, 1499, 7607
What are the prime factors of 951534?
2, 3, 67, 263
List the prime factors of 150574.
2, 79, 953
List the prime factors of 1847195.
5, 7, 89, 593
List the prime factors of 3897145.
5, 7, 111347
List the prime factors of 6549210.
2, 3, 5, 53, 1373
List the prime factors of 8127458.
2, 223, 18223
List the prime factors of 1122603.
3, 31, 12071
List the prime factors of 1259340.
2, 3, 5, 139, 151
List the prime factors of 2755899.
3, 29, 10559
List the prime factors of 3241054.
2, 73, 79, 281
What are the prime factors of 4111067?
4111067
What are the prime factors of 301974?
2, 3, 50329
List the prime factors of 83932.
2, 20983
List the prime factors of 27273598.
2, 11, 379, 3271
What are the prime factors of 862525?
5, 34501
What are the prime factors of 23768061?
3, 2437, 3251
What are the prime factors of 137100?
2, 3, 5, 457
List the prime factors of 216715.
5, 89, 487
What are the prime factors of 69234?
2, 3, 11, 1049
What are the prime factors of 283986?
2, 3, 1753
List the prime factors of 6841056.
2, 3, 71261
What are the prime factors of 1098263?
43, 25541
What are the prime factors of 404781?
3, 13, 97, 107
What are the prime factors of 8630897?
11, 784627
List the prime factors of 1623247.
499, 3253
List the prime factors of 965298.
2, 3, 160883
List the prime factors of 126403.
41, 3083
What are the prime factors of 314267?
314267
List the prime factors of 12491703.
3, 7, 198281
List the prime factors of 94481.
107, 883
List the prime factors of 773025.
3, 5, 11, 937
List the prime factors of 6356.
2, 7, 227
What are the prime factors of 5293708?
2, 7, 189061
List the prime factors of 252792.
2, 3, 3511
What are the prime factors of 1461485?
5, 239, 1223
What are the prime factors of 392092?
2, 83, 1181
List the prime factors of 866076.
2, 3, 72173
What are the prime factors of 92323?
7, 11, 109
What are the prime factors of 391727?
7, 107, 523
What are the prime factors of 479494?
2, 47, 5101
What are the prime factors of 369524?
2, 92381
List the prime factors of 2483880.
2, 3, 5, 7, 2957
What are the prime factors of 22160635?
5, 7, 63316